0). Is (15/2)/r*17392/j prime?
True
Let y(o) = 82*o**3 - 5*o**2 + 55*o + 59. Is y(10) prime?
False
Let u = 11686 - 2099. Let z = 17462 + u. Is z composite?
True
Let d = -7015 + 12638. Is d prime?
True
Let s(b) = -b**2 - 25*b - 45. Let d be s(-23). Let o be d/2 - (-1 + (-29241)/18). Suppose j - v = -2*j + o, 0 = 5*j - 4*v - 2717. Is j a prime number?
True
Is (-1)/1*-29473*((5 - 6) + 2) a composite number?
False
Suppose 3*d + 3*i - 547618 - 28283 = 0, -4*d + 4*i = -767836. Is d prime?
False
Let d(z) = z**3 - 9*z**2 - 7*z - 24. Let y be d(10). Suppose y*w = a + 11*w - 4778, -w - 14350 = -3*a. Is a prime?
True
Suppose y + 5*x = 4202, 16786 = 4*y - 3*x + x. Is y a prime number?
False
Suppose -4*p = 3*x + 1919, 4*p + 2564 = -x - 3*x. Let q = 48 - x. Suppose a - 4*f + 2*f - q = 0, 2*a - 3*f - 1382 = 0. Is a a composite number?
True
Let y be (-19 - 4315) + -1 + 8. Let p = -1230 - y. Is p a prime number?
False
Suppose 10 = 5*y, -2*a - y = -2544 - 7912. Is a prime?
True
Suppose -50 = 5*x - 5. Let q = x + 13. Suppose -2*r + 6632 = 4*v, 5*v + q*r = 2142 + 6151. Is v composite?
False
Let g be (-7)/(-56) - (-220)/32. Suppose g*u + 7667 = 2*v + 6*u, -5*v = -4*u - 19169. Is v a composite number?
False
Suppose 14*c = -17*c - 0*c + 20399767. Is c composite?
False
Suppose 0 = 2*m + 42 - 30, -3*b = -4*m - 113637. Is b composite?
False
Let k(o) be the first derivative of -21*o**2/2 + 222*o - 15. Is k(-9) a prime number?
False
Let v(l) = 22*l + 6. Let p be v(-5). Let k be -329 - 4 - (-13)/((-91)/(-42)). Let n = p - k. Is n a composite number?
False
Is (-1668 + 5)*(-3*(-1415)/(-15) + 6) composite?
True
Let b(g) = -g + 5. Let o be b(3). Let v be 4 + o + -4 + 2. Suppose -v = -0*x - 4*x, -2505 = -2*n + 5*x. Is n composite?
True
Suppose 47*o - 13*o = 60826. Suppose -p - 5*q = -o, 17*q - 15*q - 5341 = -3*p. Is p a prime number?
False
Let d be (-34938)/(-36)*(-160)/(-12). Suppose -d = -4*v - 5*r + r, -5*r = 20. Is v a composite number?
True
Is 458567945/2244 + 3/36 a composite number?
False
Let k(t) be the third derivative of 139*t**4/12 - 13*t**3/6 - 15*t**2. Suppose 10*w - 28 = 3*w. Is k(w) composite?
True
Suppose -4*t - r = -689, 116 + 568 = 4*t - 4*r. Let g(d) = -652*d - 171 + t + 115*d. Is g(-4) a composite number?
True
Let x(m) = -3*m**3 - 6*m**2 - 5*m + 5. Let c be (-6 + -4)/(-1) + -2. Suppose -4*i - 5*v - 4 = 0, v - 2*v = 2*i + c. Is x(i) composite?
False
Suppose -7*p - 152 = -208. Is (p/12)/(18/333261) a prime number?
True
Let d = -479 - -431. Is (18455 - 6) + d/(-6) composite?
False
Suppose -6*l + 31 + 113 = 0. Is 21986/(((-6)/(-2))/(36/l)) a prime number?
True
Suppose 0 = -431*q - 60*q + 74538502 + 63706476. Is q composite?
True
Suppose -5*a + s - 11 = 0, 4*a - 1 = 3*a + s. Let u = a + 3. Suppose u = -5*f + 459 + 176. Is f prime?
True
Let k(w) = 13691*w**2 + 17*w + 37. Is k(-2) a composite number?
False
Suppose -87*d + 97*d = 30. Let j(z) = 206*z**3 + 9*z**2 - 6*z - 2. Is j(d) prime?
True
Suppose -91*u = -730779 - 434840. Is u a composite number?
False
Suppose a + 5*g - 380 = 0, 3*a - 172*g - 1106 = -170*g. Let y(r) = 26*r**2 + 11*r - 7. Let z be y(7). Let c = z - a. Is c composite?
True
Is 24664575/55 + 4 + 64/352 a composite number?
False
Is 5/((-220)/(-33)) + 2173875/12 a prime number?
True
Suppose 354*u - 16627 = -3*m + 353*u, -5525 = -m + 4*u. Is m a composite number?
True
Let o(v) = 132*v**2 - 8*v - 3. Let h be -8 + (4/((-4)/(-3)))/1. Is o(h) a prime number?
False
Is (437/171)/23*1451997 composite?
False
Suppose -5*l = -10*l + 4970. Suppose 0 = j - 3*j - l. Let p = 1034 + j. Is p composite?
True
Let m(b) = 33*b**2 - 27*b**2 + 33 + 34*b - 6. Is m(-37) composite?
False
Let q = 3988 - 2985. Is q a composite number?
True
Let a = 15390 - -165787. Is a a composite number?
True
Let v = -742753 + 1259154. Is v composite?
True
Suppose -7745 = -7*u - 2600. Suppose 5*v + u = 10450. Is v a prime number?
False
Let j = 51 - -27. Suppose -4*f = 4*a - 536, 2*f - 3*a + j = 366. Let s = 301 - f. Is s a composite number?
False
Suppose 19*m + 31729681 = 178*m + 6165502. Is m composite?
False
Is 1692 + (10 + -1 - 10) a composite number?
True
Suppose -151 = 2*c - 171. Let v(a) be the first derivative of a**4/4 + 13*a**2/2 + 7*a - 14. Is v(c) a prime number?
False
Let b = 546386 - 372307. Is b prime?
True
Let w = -8771 + 12679. Let q = w - 2545. Is q composite?
True
Suppose d - 59926 = 5*x, 0 = -425*x + 429*x + 4. Is d a composite number?
False
Suppose 3*h - 5*t = 58099, 4*h - 10*t - 77496 = -11*t. Is h a prime number?
True
Let x = -11563 + 18054. Is x prime?
True
Suppose 3*k - 8*k = -0*k - 4195835. Is k composite?
True
Is 3967522/(-91)*91/(-26) a composite number?
False
Suppose 3*p + u = -36, -u - 16 = p - 2*u. Let g(o) be the second derivative of o**5/20 + 5*o**4/4 - 5*o**3/2 + 9*o**2 - 22*o. Is g(p) prime?
False
Let p be -3 + 140/44 - (-141788)/11. Suppose 4*h = -h + 5*w + p, -5*w - 7732 = -3*h. Is h a prime number?
True
Let j(b) be the second derivative of 5*b**4/12 + 11*b**3/6 + b**2/2 - 16*b + 3. Is j(-17) a composite number?
False
Suppose 151*j - 5890636 = 3464322 - 845957. Is j prime?
False
Is (-6)/((-60)/(-25))*3803912/(-140) a composite number?
False
Suppose 3*f - 5*d = 71870, 5*d = -383 + 408. Is f composite?
True
Let o = -188 - -186. Is o/16 + 10985/8 composite?
False
Let j(t) = 333*t - 76 - 228*t - 703*t + 93*t - 716*t. Is j(-9) prime?
False
Suppose -3*j + 60774 = -3*h, -18*j + 17*j - 4*h = -20273. Is j a composite number?
False
Let f(z) be the second derivative of z**5/20 - z**4/2 - 6*z**3 - 9*z**2 - 114*z. Is f(13) a prime number?
False
Suppose -2*h - 14*f = -9*f - 444416, -3*h - 5*f + 666619 = 0. Is h composite?
True
Let o(a) = 986*a**3 - 24*a**2 + 158*a - 13. Is o(8) a prime number?
True
Let g(d) = 72*d**2 + 29*d - 14. Is g(-13) a composite number?
False
Suppose 2*u + n - 320199 = 0, -38*u + 320203 = -36*u + 5*n. Is u composite?
True
Suppose -50*y + 1178944 = -10818656. Suppose 0 = -36*k + 12*k + y. Is k a composite number?
True
Let l(f) = 2*f**2 + 1. Let g be l(1). Let v be (-2 + g)/1 - -4. Suppose 1423 = c - 5*h, -3*c - v*h + 4329 = -0*c. Is c prime?
False
Suppose 5*k = -4*y + 810631, -225057 = -2*k - 4*y + 99217. Is k a prime number?
True
Suppose -3010 + 13380 = 10*w. Suppose 0 = 3*k - 1 - 8, k - w = -2*s. Is s prime?
False
Let i be (-10)/4*(-208)/130. Suppose 0 = 2*b - 2*s - 9272, 6*b - 7*b + 4633 = -i*s. Is b composite?
False
Is 885432/18 - -10*4/(-24) composite?
True
Let i(a) = -15*a**2 - 15*a - 26. Let v be i(-15). Let u = v + 6609. Is u composite?
False
Suppose -6*f = 4*f - 70. Let h be 50/(4/f*(-49)/(-42)). Suppose -406 = -n - h. Is n prime?
True
Let l(j) = -j**2 - 25*j + 4. Let p be l(-25). Is p*((-6723)/(-12) - (-6)/12) prime?
True
Suppose -30*y - 17*y = 4*y - 3791901. Is y a prime number?
False
Suppose 52*w = 53*w - 26270. Let s = w - 17371. Is s a prime number?
False
Suppose -2*s + 2*l + l - 37917 = 0, -18962 = s + 2*l. Let a = s - -29761. Is a composite?
True
Let i be (22881/58)/(6/16). Suppose v - 1055 = 5*v - 3*d, 4*d = 4*v + i. Let u = 559 + v. Is u composite?
False
Suppose -5*t = -g - 1566332, 5*t = 5*g - 0*g + 1566320. Is t prime?
True
Let y = -321 + 323. Suppose 5*k - 13464 = y*k + t, -4*k + 2*t + 17954 = 0. Is k composite?
True
Suppose -368 = -5*k + 1687. Suppose 714*d = 691*d + 5336. Let x = k - d. Is x a composite number?
False
Suppose h = j - 0*j + 65, 0 = -2*h + 5*j + 130. Let k = h + 224. Let a = k - 66. Is a a prime number?
True
Let r(t) = 1960*t**2 + 10*t - 23. Let q = -340 - -343. Is r(q) a prime number?
False
Let o(p) = p + 1. Let i be o(5). Let t be 0/13*((-3)/12 - 0). Is 871 + (5 - i - (-1 - t)) a composite number?
True
Let c(b) = 5587*b - 508. Is c(27) a prime number?
False
Suppose -4*d - 12 = -8*d. Suppose -d*m - 3983 = -4*m. Let z = m - 2312. Is z prime?
False
Let h(j) = 5 + 342*j + 528*j - 140*j. Is h(6) composite?
True
Suppose 2*q + 15 = -q, -13 = f + 3*q. Suppose -a - y + 1 = f, -4*y - 40 = -5*a. Suppose -3*d - 4*u = -2*d - 595, 2*d + a*u = 1178. Is d a prime number?
False
Let n = 18 - 3. Let i = n + -30. Let h = i - -112. Is h composite?
False
Let v = -114 - -163. Let w(x) = 17 - 24 + v*x + 16. Is w(5) a composite number?
True
Suppose 0 = -48*g - 16*g + 34996544. Is g a composite number?
True
Suppose 0 = -3*z + 4*k + 